ctors of p.
2, 449
Let j = -1733 + 3356. Suppose 1615*i - j*i + 16496 = 0. List the prime factors of i.
2, 1031
Let d = -26 + -16. Let g = -40 - d. Suppose 0 = g*q + h - 15, 12 = -4*h - 0. What are the prime factors of q?
3
Let o(b) = 11163*b + 294. List the prime factors of o(1).
3, 19, 67
Suppose 258 - 228 = 6*s. Suppose 268 + 252 = s*m. List the prime factors of m.
2, 13
Let k be 15/(-2)*(-2)/3. Suppose 10 = -k*f + 10*f. Suppose -5*h = -f*z + 38, -2*h = -0*z - z + 20. List the prime factors of z.
2, 3
Suppose 0 = -5*r - 5*t + 50960, 20*r - 30564 = 17*r - t. What are the prime factors of r?
2, 11, 463
Let d = 48679 - 34763. List the prime factors of d.
2, 7, 71
Suppose 141*k + 166*k = -7118638 + 29889749. List the prime factors of k.
11, 613
Suppose 7*s - 98 = -63. Suppose 512 = s*q - 338. What are the prime factors of q?
2, 5, 17
Suppose -50 = -2*f - 3*l, 4*f + 4*l - 98 = -6. List the prime factors of (-8)/76 + 18527/f.
3, 5, 13
Let d(v) = -13*v**2 - 3 + 7*v + 1 + v**3 + 0*v**3 - 1. What are the prime factors of d(13)?
2, 11
Suppose -4*m + d = 797, -1 = -3*d + 2. Let i be ((-1 - -3) + -3)*1*m. Let w = 282 - i. What are the prime factors of w?
83
Let y(w) be the third derivative of -w**5/60 + 2*w**4/3 - w**3/3 + 2*w**2. Suppose -5*u - 4 + 49 = 0. List the prime factors of y(u).
61
Let b = -37107 - -53788. List the prime factors of b.
7, 2383
Let i be 5/(6 + (-712)/112). Let w(a) = -143*a - 177. What are the prime factors of w(i)?
5, 73
Let q(j) be the second derivative of j**5/120 - j**4/24 + 13*j**3/6 + 11*j. Let d(u) be the second derivative of q(u). What are the prime factors of d(8)?
7
Let c = 9394 - 6508. Suppose 23*h = 36*h - c. What are the prime factors of h?
2, 3, 37
Suppose -s - 5*y + 5400 = -7252, -s + 12648 = y. List the prime factors of s.
12647
Suppose 35*n + 144768 = 67*n. List the prime factors of n.
2, 3, 13, 29
Suppose 5*d + 11135 = 2*k, -18467 = -3*k - 3*d - 1796. List the prime factors of k.
2, 5, 139
Let w(q) = 21737*q - 5261. What are the prime factors of w(3)?
2, 5, 11, 109
Let v = -42 + 47. Suppose 6*o + v = o, -3*o = z + 1. Suppose z*y - 4*a - 34 = 0, -5*y + 0*a = -4*a - 55. List the prime factors of y.
7
Suppose 6*x + 12288 = 30*x. Suppose -x*o + 510*o = -48. List the prime factors of o.
2, 3
Suppose -9*r + 13*r = -4. What are the prime factors of (-14)/105*258*15/r?
2, 3, 43
Let o(j) = 1218*j**2 - 75*j + 2. List the prime factors of o(-2).
2, 157
Suppose r = -3*g + 3562, 0 = -5*g + 4*r + 2585 + 3329. Suppose 3*m - 1233 = -3*d + 534, -2*d = -2*m + g. List the prime factors of m.
3, 197
Let t(h) = -6*h - 1. Let p be t(1). Let w be 10 + p + 73*-2. Let j = -86 - w. List the prime factors of j.
3, 19
Let l be ((-4)/(-6))/(1/3). Suppose -3*d + l = a - 2*d, 5*d + 4 = -3*a. Suppose -a*j + 338 = 65. List the prime factors of j.
3, 13
Let s(u) = -2 - 1 - 10*u**2 + 11*u - 8 - 7 - u**3. List the prime factors of s(-13).
2, 173
Let d(p) = 113*p**2 + 19. Let r(a) = 564*a**2 + 94. Let z(h) = -14*d(h) + 3*r(h). What are the prime factors of z(-3)?
2, 503
Let r = 16 + -11. Suppose 0 = r*v + 12 - 87. Let k(o) = 5*o + 46. What are the prime factors of k(v)?
11
Let l(y) = -2*y**2 - 33*y - 13. Let i be l(-17). List the prime factors of i*((-1)/1 + -23).
2, 3, 5
Let c = -170 + 343. Suppose -3*n + 1182 = 4*z, 5*z + c + 240 = n. What are the prime factors of n?
2, 199
Let b(q) = 6*q + 22. Let o(f) = 3*f + 11. Let z(m) = 2*b(m) - 5*o(m). Let h be z(-4). What are the prime factors of 68 - 9/(-4 + h)?
71
Let f(y) = 23*y - 115. Let q be f(21). Let k = -27 + q. What are the prime factors of k?
11, 31
Suppose -2*c = -3*f - 25595, 0 = -99*c + 103*c + 3*f - 51145. What are the prime factors of c?
2, 5, 1279
Let k = 45 - 134. Let c = k + 92. List the prime factors of 226 + c + 1/2*-6.
2, 113
Let d = 468 - 464. Suppose d*z + 488 + 2759 = 3*p, -3261 = -3*p - 3*z. What are the prime factors of p?
5, 7, 31
Suppose 0*i + 1878 = -3*o - 3*i, -2*o - 1252 = -5*i. Suppose -35*g + 26080 = -6260. Let t = o + g. What are the prime factors of t?
2, 149
Let m(h) = 26*h**2 - 210*h - 4744. List the prime factors of m(-29).
2, 7, 829
Let m(h) be the third derivative of 1/60*h**5 - h**2 + 0*h - 41/6*h**3 + 5/24*h**4 + 0. What are the prime factors of m(-13)?
3, 7
Let k(y) = 3*y + 2. Let p be k(-3). Let s(t) be the third derivative of -5*t**4/24 + 13*t**3/6 + 79*t**2. What are the prime factors of s(p)?
2, 3
Let h(f) = 5*f + 31. Let a(j) = 5*j + 31. Let g(n) = 5*a(n) - 4*h(n). Let y(p) = p**2 + 94*p + 996. Let i be y(-82). What are the prime factors of g(i)?
7, 13
Let t = 877 - -2436. What are the prime factors of t?
3313
Suppose -2*i = -g + 1, -g + 0*g = 2*i - 9. Suppose -3*a = -5*d - 2734, 5*a - a = -g*d + 3657. What are the prime factors of a?
11, 83
Suppose -131134 = -44*x + 305434. What are the prime factors of x?
2, 11, 41
Suppose -f - 9 = 4*j, 3*f - 4*j = -3*j + 25. Suppose f*d = 55 - 13. List the prime factors of d - -147 - -5*1.
2, 79
Suppose -37 = -c - 5*a - 19, -2*a = -6. List the prime factors of (-5 + c)/((-2)/(-2370)*-3).
2, 5, 79
Suppose 8*u = 10 - 530. Let s = u + -33. Let x = s - -297. What are the prime factors of x?
199
Suppose -14*a + 2*a - 12855 = -68655. List the prime factors of a.
2, 3, 5, 31
Suppose -4*t = -2*t + 21*t - 8188. What are the prime factors of t?
2, 89
Let l(p) = 11*p**3 + p**2 + 4*p - 9. Let a be l(3). Suppose 5*c - 2174 = -2*u, c = 5*u + a + 115. List the prime factors of c.
2, 7, 31
Suppose -2*w + 15323 = -3*h + 93404, 0 = -3*w - 9. List the prime factors of h.
3, 5, 347
Suppose 5*t - 147 = -4*m, -2*t = 2*m - 49 - 23. Suppose 5 - m = 7*g. What are the prime factors of (-2)/(g + 708/178)?
89
Suppose 40*x - 42*x = -510. Let t = x - -8. List the prime factors of t.
263
Let i be ((-2280)/(-36))/((-1)/(-6)). Suppose 0 = k - 313 - i. List the prime factors of k.
3, 7, 11
Suppose 48 = 9*w - 15. What are the prime factors of (-6)/(w - (-3882)/(-552))?
2, 23
Let n(x) = 2*x + 21. Let a be n(-9). Suppose 5 - a = u. Suppose 89 = 2*t - 3*p, -u*t - 2*p = p - 83. List the prime factors of t.
43
Let a(r) = 3*r**3 - 2*r**2 - 10*r + 27. Let d be a(2). Suppose 0 = 20*v + d*v - 22059. What are the prime factors of v?
3, 19
Let b(n) = 141*n - 2. Let y(v) = 2*v**3 + v**2 - 3*v + 3. Let r be y(1). What are the prime factors of b(r)?
421
Let d(w) = -w**3 + 34*w**2 + 404*w - 148. What are the prime factors of d(42)?
2, 677
Suppose 0 = -c - 4*g + 42, c - 28 = 9*g - 6*g. Suppose c*r - 30127 = -2009. What are the prime factors of r?
827
Let z be (1/((-24)/(-366)))/((-1)/(-4)). Suppose 4*k + z = 9. Let t = k - -29. What are the prime factors of t?
2
Suppose 0 = 211*a - 155*a - 333592. What are the prime factors of a?
7, 23, 37
Let a(h) = -2*h**2 - 13*h - 1344. Let b be a(0). Let i = 2111 + b. What are the prime factors of i?
13, 59
Suppose -3*f - 2*f + 11082 = 4*l, l + 4425 = 2*f. Suppose -139*i + 130*i + f = 0. What are the prime factors of i?
2, 3, 41
Let j = 15864 + 23046. List the prime factors of j.
2, 3, 5, 1297
Let v = -9 + 21. Let o(i) be the third derivative of i**4/8 - 29*i**3/6 - 17*i**2 - 5. List the prime factors of o(v).
7
Let o = -68 + 52. Let h be 8/(47/o + 3). Suppose -a + h = -111. List the prime factors of a.
239
Let q = -24418 + 105817. What are the prime factors of q?
3, 43, 631
Suppose -4*s - 3*c + 16 = 0, -13 = -5*s - c + 7. Suppose 2*f = -s*p + 542, f - 5*f = 5*p - 1078. List the prime factors of f.
3, 89
Suppose 10*i + 719 = -1621. List the prime factors of i/12*-2 + -1.
2, 19
Suppose 98*w = 3173358 - 1033038. List the prime factors of w.
2, 3, 5, 7, 13
Suppose 5*v - 1 = 14. Suppose 5*l + 4*w + 136 = 6*l, v*w = 5*l - 612. Suppose 3*b - b = l. What are the prime factors of b?
2, 3, 5
Suppose -5*w - 35 = 0, -5*w + 13552 = -5*u + 194012. What are the prime factors of u?
5, 7, 1031
Suppose -2*y + 33738 = 5*n - 5*y, 3*n - 2*y - 20242 = 0. List the prime factors of n.
2, 3, 5
Let t(j) = -j + 12. Let i be t(7). Suppose -13*z + 237 = -8*z + h, 4*h + 252 = i*z. Suppose d - z = 75. List the prime factors of d.
3, 41
Suppose 15*f = 4*k + 12*f - 50821, -37960 = -3*k - 20*f. What are the prime factors of k?
2, 5, 127
Suppose 0 = -8*b + 5238 + 3570. Let p = -651 + b. What are the prime factors of p?
2, 3, 5
Suppose -3189 - 27458 = -19*r. Wh